{"id":29,"date":"2024-01-10T14:23:19","date_gmt":"2024-01-10T14:23:19","guid":{"rendered":"https:\/\/expandingcr.com\/?page_id=29"},"modified":"2024-01-19T18:11:14","modified_gmt":"2024-01-19T18:11:14","slug":"comunidad-procon","status":"publish","type":"page","link":"https:\/\/expandingcr.com\/en\/comunidad-procon\/","title":{"rendered":"PROCON Community"},"content":{"rendered":"<p>[et_pb_section fb_built=\u00bb1&#8243; admin_label=\u00bbsection\u00bb _builder_version=\u00bb4.23.4&#8243; background_image=\u00bbhttps:\/\/expandingcr.com\/wp-content\/uploads\/2024\/01\/banner-quienes-somos.jpg\u00bb global_colors_info=\u00bb{}\u00bb][et_pb_row admin_label=\u00bbrow\u00bb _builder_version=\u00bb4.23.4&#8243; background_size=\u00bbinitial\u00bb background_position=\u00bbtop_left\u00bb background_repeat=\u00bbrepeat\u00bb global_colors_info=\u00bb{}\u00bb][et_pb_column type=\u00bb4_4&#8243; _builder_version=\u00bb4.16&#8243; custom_padding=\u00bb|||\u00bb global_colors_info=\u00bb{}\u00bb custom_padding__hover=\u00bb|||\u00bb][et_pb_text _builder_version=\u00bb4.23.4&#8243; _module_preset=\u00bbdefault\u00bb header_text_color=\u00bb#FFFFFF\u00bb global_colors_info=\u00bb{}\u00bb]<\/p>\n<h1>Comunidad PROCON<\/h1>\n<p>[\/et_pb_text][\/et_pb_column][\/et_pb_row][\/et_pb_section][et_pb_section fb_built=\u00bb1&#8243; module_id=\u00bbbloque-2&#8243; _builder_version=\u00bb4.23.4&#8243; _module_preset=\u00bbdefault\u00bb background_image=\u00bbhttps:\/\/expandingcr.com\/wp-content\/uploads\/2024\/01\/back-01.png\u00bb background_size=\u00bbinitial\u00bb background_position=\u00bbtop_right\u00bb custom_margin=\u00bb50px||||false|false\u00bb custom_padding=\u00bb50px||56px||false|false\u00bb global_colors_info=\u00bb{}\u00bb][et_pb_row column_structure=\u00bb2_5,3_5&#8243; _builder_version=\u00bb4.23.4&#8243; _module_preset=\u00bbdefault\u00bb global_colors_info=\u00bb{}\u00bb][et_pb_column type=\u00bb2_5&#8243; _builder_version=\u00bb4.23.4&#8243; _module_preset=\u00bbdefault\u00bb global_colors_info=\u00bb{}\u00bb][et_pb_text _builder_version=\u00bb4.23.4&#8243; _module_preset=\u00bbdefault\u00bb header_text_color=\u00bb#42a88c\u00bb global_colors_info=\u00bb{}\u00bb]<\/p>\n<h1>La comunidad iberoamericana de profesionales en derecho del consumidor denominada PROCON<\/h1>\n<p>[\/et_pb_text][et_pb_text _builder_version=\u00bb4.23.4&#8243; _module_preset=\u00bbdefault\u00bb global_colors_info=\u00bb{}\u00bb]<\/p>\n<p>Constituir\u00e1 una red que vincular\u00e1 a todos los profesionales de la regi\u00f3n que busquen formarse y actualizarse en la materia, como as\u00ed tambi\u00e9n apuntar\u00e1 a construir v\u00ednculos con colegas, acad\u00e9micos, autoridades y empresas de distintos pa\u00edses.<\/p>\n<p>[\/et_pb_text][\/et_pb_column][et_pb_column type=\u00bb3_5&#8243; _builder_version=\u00bb4.23.4&#8243; _module_preset=\u00bbdefault\u00bb global_colors_info=\u00bb{}\u00bb][et_pb_image src=\u00bbhttps:\/\/expandingcr.com\/wp-content\/uploads\/2024\/01\/empresarios-pie-fuera-edificio-oficinas.jpg\u00bb title_text=\u00bbempresarios-pie-fuera-edificio-oficinas\u00bb _builder_version=\u00bb4.23.4&#8243; _module_preset=\u00bbdefault\u00bb global_colors_info=\u00bb{}\u00bb][\/et_pb_image][\/et_pb_column][\/et_pb_row][et_pb_row column_structure=\u00bb3_5,2_5&#8243; _builder_version=\u00bb4.23.4&#8243; _module_preset=\u00bbdefault\u00bb global_colors_info=\u00bb{}\u00bb][et_pb_column type=\u00bb3_5&#8243; _builder_version=\u00bb4.23.4&#8243; _module_preset=\u00bbdefault\u00bb global_colors_info=\u00bb{}\u00bb][et_pb_image src=\u00bbhttps:\/\/expandingcr.com\/wp-content\/uploads\/2024\/01\/manos-gente-negocios-rompecabezas-que-muestran-solucion-problemas-trabajo-equipo-actividad-grupo-o-equipo-inteligente-que-completa-terminar-proyecto-tarea-o-tarea-crisis-trabajo-dificil-desafiante.jpg\u00bb title_text=\u00bbmanos-gente-negocios-rompecabezas-que-muestran-solucion-problemas-trabajo-equipo-actividad-grupo-o-equipo-inteligente-que-completa-terminar-proyecto-tarea-o-tarea-crisis-trabajo-dificil-desafiante\u00bb _builder_version=\u00bb4.23.4&#8243; _module_preset=\u00bbdefault\u00bb global_colors_info=\u00bb{}\u00bb][\/et_pb_image][\/et_pb_column][et_pb_column type=\u00bb2_5&#8243; _builder_version=\u00bb4.23.4&#8243; _module_preset=\u00bbdefault\u00bb custom_padding=\u00bb100px||||false|false\u00bb global_colors_info=\u00bb{}\u00bb][et_pb_text _builder_version=\u00bb4.23.4&#8243; _module_preset=\u00bbdefault\u00bb header_text_color=\u00bb#42a88c\u00bb global_colors_info=\u00bb{}\u00bb]<\/p>\n<h1>Nuestro objetivo<\/h1>\n<p>[\/et_pb_text][et_pb_text _builder_version=\u00bb4.23.4&#8243; _module_preset=\u00bbdefault\u00bb global_colors_info=\u00bb{}\u00bb]El objetivo es construir un espacio de referencia para una tem\u00e1tica de crecimiento vertiginoso, adem\u00e1s de ofrecer al p\u00fablico una variedad de servicios propios y el acceso a propuestas de terceros.<\/p>\n<p>La comunidad <strong>PROCON<\/strong> trabajar\u00e1 articulando programas y proyectos con empresas, organizaciones empresariales, agencias de gobierno de protecci\u00f3n del consumidor, instituciones de \u00e1mbito acad\u00e9mico y del tercer sector, entre otros actores sociales.[\/et_pb_text][\/et_pb_column][\/et_pb_row][et_pb_row column_structure=\u00bb2_5,3_5&#8243; _builder_version=\u00bb4.23.4&#8243; _module_preset=\u00bbdefault\u00bb global_colors_info=\u00bb{}\u00bb][et_pb_column type=\u00bb2_5&#8243; _builder_version=\u00bb4.23.4&#8243; _module_preset=\u00bbdefault\u00bb global_colors_info=\u00bb{}\u00bb][et_pb_text _builder_version=\u00bb4.23.4&#8243; _module_preset=\u00bbdefault\u00bb header_text_color=\u00bb#42a88c\u00bb global_colors_info=\u00bb{}\u00bb]<\/p>\n<h1>Nos apoyamos en el conocimiento y la experiencia<\/h1>\n<p>[\/et_pb_text][et_pb_text _builder_version=\u00bb4.23.4&#8243; _module_preset=\u00bbdefault\u00bb global_colors_info=\u00bb{}\u00bb]<\/p>\n<p>El <strong>Consejo Consultivo Acad\u00e9mico aportar\u00e1 conocimiento y experiencia<\/strong> para la configuraci\u00f3n de un producto atractivo y accesible para todos los profesionales interesados en la tem\u00e1tica.<\/p>\n<p>[\/et_pb_text][\/et_pb_column][et_pb_column type=\u00bb3_5&#8243; _builder_version=\u00bb4.23.4&#8243; _module_preset=\u00bbdefault\u00bb global_colors_info=\u00bb{}\u00bb][et_pb_image src=\u00bbhttps:\/\/expandingcr.com\/wp-content\/uploads\/2024\/01\/personas-que-utilizan-dispositivos-digitales-reunion.jpg\u00bb title_text=\u00bbpersonas-que-utilizan-dispositivos-digitales-reunion\u00bb _builder_version=\u00bb4.23.4&#8243; _module_preset=\u00bbdefault\u00bb global_colors_info=\u00bb{}\u00bb][\/et_pb_image][\/et_pb_column][\/et_pb_row][\/et_pb_section][et_pb_section fb_built=\u00bb1&#8243; _builder_version=\u00bb4.23.4&#8243; _module_preset=\u00bbdefault\u00bb background_color=\u00bb#333333&#8243; background_image=\u00bbhttps:\/\/expandingcr.com\/wp-content\/uploads\/2024\/01\/formas.png\u00bb parallax=\u00bbon\u00bb custom_padding=\u00bb80px||80px||true|false\u00bb global_colors_info=\u00bb{}\u00bb][et_pb_row column_structure=\u00bb1_2,1_2&#8243; _builder_version=\u00bb4.23.4&#8243; _module_preset=\u00bbdefault\u00bb global_colors_info=\u00bb{}\u00bb][et_pb_column type=\u00bb1_2&#8243; _builder_version=\u00bb4.23.4&#8243; _module_preset=\u00bbdefault\u00bb global_colors_info=\u00bb{}\u00bb][et_pb_text _builder_version=\u00bb4.23.4&#8243; _module_preset=\u00bbdefault\u00bb header_text_color=\u00bb#42a88c\u00bb global_colors_info=\u00bb{}\u00bb]<\/p>\n<h1>Apoyamos iniciativas<\/h1>\n<p>[\/et_pb_text][et_pb_text _builder_version=\u00bb4.23.4&#8243; _module_preset=\u00bbdefault\u00bb text_text_color=\u00bb#FFFFFF\u00bb global_colors_info=\u00bb{}\u00bb]Durante los \u00faltimos a\u00f1os hemos tenido la oportunidad de acompa\u00f1ar proyectos que ampl\u00edan el conocimiento del derecho del consumidor, entre lo que destacamos la Diplomatura Superior Universitaria en Derecho del Consumidor, en la que participan los m\u00e1s reconocidos especialistas iberoamericanos en la materia.<br \/>\nRecientemente auspiciamos las Primeras Jornadas Nacionales de Derecho del Consumidor de Argentina, las que significaron un hito para la actividad cient\u00edfica de la materia en dicho pa\u00eds.[\/et_pb_text][\/et_pb_column][et_pb_column type=\u00bb1_2&#8243; _builder_version=\u00bb4.23.4&#8243; _module_preset=\u00bbdefault\u00bb global_colors_info=\u00bb{}\u00bb][et_pb_video src=\u00bbhttps:\/\/expandingcr.com\/wp-content\/uploads\/2024\/01\/Resumen-Dia-2.mp4&#8243; _builder_version=\u00bb4.24.0&#8243; _module_preset=\u00bbdefault\u00bb title_text=\u00bbPrimeras-JNDC-2023&#8211;0052&#8243; hover_enabled=\u00bb0&#8243; sticky_enabled=\u00bb0&#8243; image_src=\u00bbhttps:\/\/expandingcr.com\/wp-content\/uploads\/2024\/01\/Primeras-JNDC-2023-0052.jpg\u00bb][\/et_pb_video][\/et_pb_column][\/et_pb_row][\/et_pb_section]<\/p>\n","protected":false},"excerpt":{"rendered":"<p>Comunidad PROCONLa comunidad iberoamericana de profesionales en derecho del consumidor denominada PROCONConstituir\u00e1 una red que vincular\u00e1 a todos los profesionales de la regi\u00f3n que busquen formarse y actualizarse en la materia, como as\u00ed tambi\u00e9n apuntar\u00e1 a construir v\u00ednculos con colegas, acad\u00e9micos, autoridades y empresas de distintos pa\u00edses.Nuestro objetivoEl objetivo es construir un espacio de referencia [&hellip;]<\/p>\n","protected":false},"author":2,"featured_media":0,"parent":0,"menu_order":0,"comment_status":"closed","ping_status":"closed","template":"","meta":{"_et_pb_use_builder":"on","_et_pb_old_content":"<!-- wp:divi\/placeholder \/-->","_et_gb_content_width":"","footnotes":""},"class_list":["post-29","page","type-page","status-publish","hentry"],"_links":{"self":[{"href":"https:\/\/expandingcr.com\/en\/wp-json\/wp\/v2\/pages\/29","targetHints":{"allow":["GET"]}}],"collection":[{"href":"https:\/\/expandingcr.com\/en\/wp-json\/wp\/v2\/pages"}],"about":[{"href":"https:\/\/expandingcr.com\/en\/wp-json\/wp\/v2\/types\/page"}],"author":[{"embeddable":true,"href":"https:\/\/expandingcr.com\/en\/wp-json\/wp\/v2\/users\/2"}],"replies":[{"embeddable":true,"href":"https:\/\/expandingcr.com\/en\/wp-json\/wp\/v2\/comments?post=29"}],"version-history":[{"count":12,"href":"https:\/\/expandingcr.com\/en\/wp-json\/wp\/v2\/pages\/29\/revisions"}],"predecessor-version":[{"id":159,"href":"https:\/\/expandingcr.com\/en\/wp-json\/wp\/v2\/pages\/29\/revisions\/159"}],"wp:attachment":[{"href":"https:\/\/expandingcr.com\/en\/wp-json\/wp\/v2\/media?parent=29"}],"curies":[{"name":"wp","href":"https:\/\/api.w.org\/{rel}","templated":true}]}}

<p>[et_pb_section fb_built=»1&#8243; admin_label=»section» _builder_version=»4.23.4&#8243; background_image=»https://expandingcr.com/wp-content/uploads/2024/01/banner-quienes-somos.jpg» global_colors_info=»{}»][et_pb_row admin_label=»row» _builder_version=»4.23.4&#8243; background_size=»initial» background_position=»top_left» background_repeat=»repeat» global_colors_info=»{}»][et_pb_column type=»4_4&#8243; _builder_version=»4.16&#8243; custom_padding=»|||» global_colors_info=»{}» custom_padding__hover=»|||»][et_pb_text _builder_version=»4.23.4&#8243; _module_preset=»default» header_text_color=»#FFFFFF» global_colors_info=»{}»]</p>
<h1>Comunidad PROCON</h1>
<p>[/et_pb_text][/et_pb_column][/et_pb_row][/et_pb_section][et_pb_section fb_built=»1&#8243; module_id=»bloque-2&#8243; _builder_version=»4.23.4&#8243; _module_preset=»default» background_image=»https://expandingcr.com/wp-content/uploads/2024/01/back-01.png» background_size=»initial» background_position=»top_right» custom_margin=»50px||||false|false» custom_padding=»50px||56px||false|false» global_colors_info=»{}»][et_pb_row column_structure=»2_5,3_5&#8243; _builder_version=»4.23.4&#8243; _module_preset=»default» global_colors_info=»{}»][et_pb_column type=»2_5&#8243; _builder_version=»4.23.4&#8243; _module_preset=»default» global_colors_info=»{}»][et_pb_text _builder_version=»4.23.4&#8243; _module_preset=»default» header_text_color=»#42a88c» global_colors_info=»{}»]</p>
<h1>La comunidad iberoamericana de profesionales en derecho del consumidor denominada PROCON</h1>
<p>[/et_pb_text][et_pb_text _builder_version=»4.23.4&#8243; _module_preset=»default» global_colors_info=»{}»]</p>
<p>Constituirá una red que vinculará a todos los profesionales de la región que busquen formarse y actualizarse en la materia, como así también apuntará a construir vínculos con colegas, académicos, autoridades y empresas de distintos países.</p>
<p>[/et_pb_text][/et_pb_column][et_pb_column type=»3_5&#8243; _builder_version=»4.23.4&#8243; _module_preset=»default» global_colors_info=»{}»][et_pb_image src=»https://expandingcr.com/wp-content/uploads/2024/01/empresarios-pie-fuera-edificio-oficinas.jpg» title_text=»empresarios-pie-fuera-edificio-oficinas» _builder_version=»4.23.4&#8243; _module_preset=»default» global_colors_info=»{}»][/et_pb_image][/et_pb_column][/et_pb_row][et_pb_row column_structure=»3_5,2_5&#8243; _builder_version=»4.23.4&#8243; _module_preset=»default» global_colors_info=»{}»][et_pb_column type=»3_5&#8243; _builder_version=»4.23.4&#8243; _module_preset=»default» global_colors_info=»{}»][et_pb_image src=»https://expandingcr.com/wp-content/uploads/2024/01/manos-gente-negocios-rompecabezas-que-muestran-solucion-problemas-trabajo-equipo-actividad-grupo-o-equipo-inteligente-que-completa-terminar-proyecto-tarea-o-tarea-crisis-trabajo-dificil-desafiante.jpg» title_text=»manos-gente-negocios-rompecabezas-que-muestran-solucion-problemas-trabajo-equipo-actividad-grupo-o-equipo-inteligente-que-completa-terminar-proyecto-tarea-o-tarea-crisis-trabajo-dificil-desafiante» _builder_version=»4.23.4&#8243; _module_preset=»default» global_colors_info=»{}»][/et_pb_image][/et_pb_column][et_pb_column type=»2_5&#8243; _builder_version=»4.23.4&#8243; _module_preset=»default» custom_padding=»100px||||false|false» global_colors_info=»{}»][et_pb_text _builder_version=»4.23.4&#8243; _module_preset=»default» header_text_color=»#42a88c» global_colors_info=»{}»]</p>
<h1>Nuestro objetivo</h1>
<p>[/et_pb_text][et_pb_text _builder_version=»4.23.4&#8243; _module_preset=»default» global_colors_info=»{}»]El objetivo es construir un espacio de referencia para una temática de crecimiento vertiginoso, además de ofrecer al público una variedad de servicios propios y el acceso a propuestas de terceros.</p>
<p>La comunidad <strong>PROCON</strong> trabajará articulando programas y proyectos con empresas, organizaciones empresariales, agencias de gobierno de protección del consumidor, instituciones de ámbito académico y del tercer sector, entre otros actores sociales.[/et_pb_text][/et_pb_column][/et_pb_row][et_pb_row column_structure=»2_5,3_5&#8243; _builder_version=»4.23.4&#8243; _module_preset=»default» global_colors_info=»{}»][et_pb_column type=»2_5&#8243; _builder_version=»4.23.4&#8243; _module_preset=»default» global_colors_info=»{}»][et_pb_text _builder_version=»4.23.4&#8243; _module_preset=»default» header_text_color=»#42a88c» global_colors_info=»{}»]</p>
<h1>Nos apoyamos en el conocimiento y la experiencia</h1>
<p>[/et_pb_text][et_pb_text _builder_version=»4.23.4&#8243; _module_preset=»default» global_colors_info=»{}»]</p>
<p>El <strong>Consejo Consultivo Académico aportará conocimiento y experiencia</strong> para la configuración de un producto atractivo y accesible para todos los profesionales interesados en la temática.</p>
<p>[/et_pb_text][/et_pb_column][et_pb_column type=»3_5&#8243; _builder_version=»4.23.4&#8243; _module_preset=»default» global_colors_info=»{}»][et_pb_image src=»https://expandingcr.com/wp-content/uploads/2024/01/personas-que-utilizan-dispositivos-digitales-reunion.jpg» title_text=»personas-que-utilizan-dispositivos-digitales-reunion» _builder_version=»4.23.4&#8243; _module_preset=»default» global_colors_info=»{}»][/et_pb_image][/et_pb_column][/et_pb_row][/et_pb_section][et_pb_section fb_built=»1&#8243; _builder_version=»4.23.4&#8243; _module_preset=»default» background_color=»#333333&#8243; background_image=»https://expandingcr.com/wp-content/uploads/2024/01/formas.png» parallax=»on» custom_padding=»80px||80px||true|false» global_colors_info=»{}»][et_pb_row column_structure=»1_2,1_2&#8243; _builder_version=»4.23.4&#8243; _module_preset=»default» global_colors_info=»{}»][et_pb_column type=»1_2&#8243; _builder_version=»4.23.4&#8243; _module_preset=»default» global_colors_info=»{}»][et_pb_text _builder_version=»4.23.4&#8243; _module_preset=»default» header_text_color=»#42a88c» global_colors_info=»{}»]</p>
<h1>Apoyamos iniciativas</h1>
<p>[/et_pb_text][et_pb_text _builder_version=»4.23.4&#8243; _module_preset=»default» text_text_color=»#FFFFFF» global_colors_info=»{}»]Durante los últimos años hemos tenido la oportunidad de acompañar proyectos que amplían el conocimiento del derecho del consumidor, entre lo que destacamos la Diplomatura Superior Universitaria en Derecho del Consumidor, en la que participan los más reconocidos especialistas iberoamericanos en la materia.<br />
Recientemente auspiciamos las Primeras Jornadas Nacionales de Derecho del Consumidor de Argentina, las que significaron un hito para la actividad científica de la materia en dicho país.[/et_pb_text][/et_pb_column][et_pb_column type=»1_2&#8243; _builder_version=»4.23.4&#8243; _module_preset=»default» global_colors_info=»{}»][et_pb_video src=»https://expandingcr.com/wp-content/uploads/2024/01/Resumen-Dia-2.mp4&#8243; _builder_version=»4.24.0&#8243; _module_preset=»default» title_text=»Primeras-JNDC-2023&#8211;0052&#8243; hover_enabled=»0&#8243; sticky_enabled=»0&#8243; image_src=»https://expandingcr.com/wp-content/uploads/2024/01/Primeras-JNDC-2023-0052.jpg»][/et_pb_video][/et_pb_column][/et_pb_row][/et_pb_section]</p>

<p>Comunidad PROCONLa comunidad iberoamericana de profesionales en derecho del consumidor denominada PROCONConstituirá una red que vinculará a todos los profesionales de la región que busquen formarse y actualizarse en la materia, como así también apuntará a construir vínculos con colegas, académicos, autoridades y empresas de distintos países.Nuestro objetivoEl objetivo es construir un espacio de referencia [&hellip;]</p>
